t of 554511447?
7
What is the millions digit of 715382648?
5
What is the ten thousands digit of 754986096?
8
What is the tens digit of 459372694?
9
What is the thousands digit of 120928288?
8
What is the hundred thousands digit of 25181276?
1
What is the millions digit of 1253189533?
3
What is the hundreds digit of 3166541886?
8
What is the hundred thousands digit of 180556410?
5
What is the thousands digit of 103602297?
2
What is the millions digit of 1074633551?
4
What is the units digit of 85007687?
7
What is the hundred millions digit of 377959665?
3
What is the hundred thousands digit of 110773724?
7
What is the thousands digit of 16193279?
3
What is the hundred thousands digit of 295392677?
3
What is the ten thousands digit of 1498773160?
7
What is the hundred thousands digit of 6272434?
2
What is the hundred millions digit of 553818428?
5
What is the tens digit of 629389712?
1
What is the ten thousands digit of 858879883?
7
What is the hundreds digit of 59519696?
6
What is the thousands digit of 928258134?
8
What is the ten thousands digit of 55045001?
4
What is the units digit of 71802810?
0
What is the hundred thousands digit of 859701223?
7
What is the tens digit of 33335768?
6
What is the hundred millions digit of 997052555?
9
What is the hundred millions digit of 386487690?
3
What is the millions digit of 41127399?
1
What is the units digit of 1638973689?
9
What is the tens digit of 50816729?
2
What is the millions digit of 2005354746?
5
What is the units digit of 139759733?
3
What is the ten thousands digit of 65277156?
7
What is the tens digit of 91302?
0
What is the billions digit of 6039491080?
6
What is the hundred millions digit of 135058638?
1
What is the tens digit of 691582731?
3
What is the thousands digit of 74435762?
5
What is the hundred thousands digit of 30314167?
3
What is the millions digit of 45810601?
5
What is the thousands digit of 96362704?
2
What is the thousands digit of 235552375?
2
What is the hundreds digit of 5602019518?
5
What is the tens digit of 1233343388?
8
What is the hundred millions digit of 2355964732?
3
What is the millions digit of 68875632?
8
What is the ten thousands digit of 84753976?
5
What is the tens digit of 73870653?
5
What is the thousands digit of 7276009?
6
What is the tens digit of 274138615?
1
What is the ten millions digit of 1277830484?
7
What is the ten millions digit of 18713128?
1
What is the millions digit of 55482839?
5
What is the thousands digit of 43260310?
0
What is the units digit of 34792286?
6
What is the thousands digit of 1305044747?
4
What is the tens digit of 78753915?
1
What is the hundred thousands digit of 46553783?
5
What is the units digit of 2409496736?
6
What is the units digit of 254161313?
3
What is the millions digit of 12859304?
2
What is the tens digit of 1902178796?
9
What is the tens digit of 35287423?
2
What is the billions digit of 1354477380?
1
What is the hundred thousands digit of 23056276?
0
What is the hundred millions digit of 1635039561?
6
What is the hundred thousands digit of 35306426?
3
What is the tens digit of 324996860?
6
What is the units digit of 4084950652?
2
What is the tens digit of 72615586?
8
What is the ten thousands digit of 212410243?
1
What is the hundred thousands digit of 51057933?
0
What is the tens digit of 23077354?
5
What is the hundred millions digit of 543820939?
5
What is the millions digit of 156482432?
6
What is the hundreds digit of 738216353?
3
What is the ten millions digit of 3301772181?
0
What is the thousands digit of 4781991980?
1
What is the thousands digit of 570957090?
7
What is the hundred millions digit of 246813514?
2
What is the hundreds digit of 217026273?
2
What is the ten thousands digit of 208459273?
5
What is the hundreds digit of 218635087?
0
What is the millions digit of 229726611?
9
What is the millions digit of 33809527?
3
What is the thousands digit of 278292621?
2
What is the ten thousands digit of 38789966?
8
What is the thousands digit of 45520274?
0
What is the tens digit of 1572293950?
5
What is the thousands digit of 1012684358?
4
What is the hundred thousands digit of 94672831?
6
What is the units digit of 2163202928?
8
What is the hundreds digit of 3525926984?
9
What is the tens digit of 18835624?
2
What is the ten thousands digit of 68062350?
6
What is the millions digit of 1034211116?
4
What is the ten thousands digit of 82984839?
8
What is the thousands digit of 41881828?
1
What is the tens digit of 301945901?
0
What is the millions digit of 3134913258?
4
What is the millions digit of 3452815732?
2
What is the millions digit of 568828917?
8
What is the thousands digit of 64821124?
1
What is the hundred thousands digit of 1048887140?
8
What is the ten millions digit of 922251053?
2
What is the units digit of 170099051?
1
What is the ten thousands digit of 321374?
2
What is the hundred millions digit of 2061553404?
0
What is the thousands digit of 37155822?
5
What is the thousands digit of 156324768?
4
What is the ten thousands digit of 1730596?
3
What is the tens digit of 693712339?
3
What is the billions digit of 1820422015?
1
What is the hundred thousands digit of 385539679?
5
What is the hundred millions digit of 335947618?
3
What is the hundred thousands digit of 19981514?
9
What is the hundred millions digit of 179175952?
1
What is the hundred thousands digit of 15124019?
1
What is the hundreds digit of 2115885335?
3
What is the millions digit of 134757184?
4
What is the millions digit of 71420056?
1
What is the hundred thousands digit of 447641537?
6
What is the millions digit of 2208275842?
8
What is the hundred thousands digit of 2980996564?
9
What is the hundred thousands digit of 4454697238?
6
What is the hundred thousands digit of 932660628?
6
What is the millions digit of 180327820?
0
What is the thousands digit of 330873702?
3
What is the hundred thousands digit of 956826952?
8
What is the thousands digit of 753456748?
6
What is the hundred thousands digit of 25395861?
3
What is the hundred thousands digit of 1437681637?
6
What is the hundred millions digit of 903322078?
9
What is the hundreds digit of 4331799885?
8
What is the millions digit of 112312134?
2
What is the ten thousands digit of 110430050?
3
What is the tens digit of 8259820?
2
What is the ten millions digit of 142270424?
4
What is the hundreds digit of 638224807?
8
What is the hundred thousands digit of 124060202?
0
What is the hundred thousands digit of 4196005869?
0
What is the ten millions digit of 883084231?
8
What is the hundred thousands digit of 19404548?
4
What is the hundred thousands digit of 86000435?
0
What is the hundred thousands digit of 117947790?
9
What is the hundreds digit of 570634868?
8
What is the hundred thousands digit of 190840154?
8
What is the hundreds digit of 212048438?
4
What is the units digit of 307174057?
7
What is the hundred thousands digit of 2436864723?
8
What is the thousands digit of 961913232?
3
What is the tens digit of 1105746?
4
What is the hundred thousands digit of 1412148384?
1
What is the millions digit of 58964837?
8
What is the tens digit of 34935424?
2
What is the hundreds digit of 22825077?
0
What is the ten thousands digit of 62107726?
0
What is the ten millions digit of 2961273148?
6
What is the units digit of 38689121?
1
What is the millions digit of 112540637?
2
What is the millions digit of 311599120?
1
What is the hundred millions digit of 317677050?
3
What is the thousands digit of 2133376777?
6
What is the ten millions digit of 15901364?
1
What is the thousands digit of 75182987?
2
What is the thousands digit of 67275857?
5
What is the hundred thousands digit of 569246?
5
What is the ten thousands digit of 237910734?
1
What is the hundreds digit of 157924378?
3
What is the hundreds digit of 9299288?
2
What is the hundred thousands digit of 22583819?
5
What is the hundred millions digit of 405975904?
4
What is the hundred thousands digit of 732051474?
0
What is the units digit of 1948496949?
9
What is the tens digit of 605351275?
7
What is the units digit of 779503728?
8
What is the hundreds digit of 109037806?
8
What is the units digit of 32032076?
6
What is the hundred millions digit of 285246096?
2
What is the hundred millions digit of 8